of d?
4
Let o be 14 + -1 + 2 + -7 + 3. Let f(c) = -4*c - 397 + 410 + c + o*c**2 + c**3 - 7*c. What is the tens digit of f(-11)?
2
Let a(w) = 27*w**2 - 69*w + 46. What is the units digit of a(-28)?
6
Let f be (-7 + 2 + 8)*2. Suppose -a - 5*c + 300 = 0, 3*a - 3*c = -f*c + 948. What is the tens digit of a?
2
Let h(j) = 41*j**2 - 3*j + 3. Suppose -2*u + 3 - 7 = 0. What is the tens digit of h(u)?
7
Suppose -71*d + 186990 = -32*d - 24*d. What is the ten thousands digit of d?
1
Let f = 874 - 872. Suppose -6*k + 6330 = 5*x - k, -f*k = x - 1270. What is the thousands digit of x?
1
Let j be 5*((4 - 7)/1 - -4). Suppose 4*p - 235 = j*p. Let m = -135 - p. What is the tens digit of m?
0
Suppose y - 36513 = 2*v, -13*v = -10*v - 21. What is the units digit of y?
7
Suppose -13450 = 30*z - 77*z + 22*z. What is the units digit of z?
8
What is the tens digit of 27/6*1631460/270?
9
Let g(m) = -m + 3. Let c be (-11 + 11)/(-5 - -1). Let s be g(c). What is the units digit of s*(-1 - (-98)/6)?
6
Suppose -15*n + 19*n = 3*p + 36362, -4*n + 36332 = 2*p. What is the units digit of n?
6
Let u(n) = 9*n**3 - 5*n + 4. Let w be u(1). What is the units digit of ((-1218)/(-8))/(2/w)?
9
Let j be (3/(-4))/(9/36) - -3. Suppose j = 2*d - 550 - 510. Suppose -5*m + 534 = i, -5*m - 2*i + 8 = -d. What is the hundreds digit of m?
1
Suppose 13*j - 9*j + 16 = 0, 0 = o - 2*j - 276. What is the units digit of (-96)/72*(-6)/4 + o?
0
Suppose 464780 + 364894 = 18*y. What is the ten thousands digit of y?
4
Let y be ((2 - -3) + -4)*1370. What is the units digit of (-9)/(-1)*(8 + y/30)?
3
Suppose 6 = 4*c - 2*w, 3*c - 2 = 2*w + 1. Suppose 3*o = -2*p + 3, -p + c = 4*o - o. What is the units digit of -5*o*(-225)/(-4 + 9)?
5
Let z(g) = g**2 + 8*g - 31. Let d be z(-11). Suppose -6 = -y - 2. Suppose 0 = p - d*v - 208, 424 - 1204 = -y*p - 5*v. What is the tens digit of p?
0
Let l be (2685/(-2))/(17/34). Let r = l - -3807. What is the units digit of r?
2
Let u(s) = 34 + 18*s - s**3 + 0*s**2 + 21*s**2 - 11. What is the units digit of u(21)?
1
Suppose 5*g - 336 = -3*g. Let o be g/28 - (-1 + 0)/2. What is the units digit of o/((-12)/(-2)) + (-6624)/(-54)?
3
What is the ten thousands digit of 872610/306*42/10?
1
Let c(k) = -3*k**2 - 21*k + 17. Let a be c(-8). Let l(d) = d**3 + 6*d**2 - 6*d + 24. Let f be l(a). What is the units digit of f*2/2*3?
1
Suppose -5*t - 6 = -8*t. Let x be (-8)/(-5) - t - 204/(-85). Suppose 2*q + 176 = x*f - 0*q, q - 342 = -4*f. What is the units digit of f?
6
Suppose 0 = -10679*n + 10670*n + 41409. What is the thousands digit of n?
4
Suppose 20*p = 15*p + 45. Suppose -p*d - 3*c = -4*d - 4453, 0 = d - c - 889. What is the hundreds digit of d?
8
Let s = 15596 + -9228. What is the units digit of s?
8
Let d = 2134 + -52. What is the tens digit of d?
8
Let w = 2504 + 2997. What is the thousands digit of w?
5
Let k(a) = a + 3*a - 14*a**2 - 12*a - 9*a - 4*a - 19*a**3. What is the hundreds digit of k(-4)?
0
Let s = -25 - -25. Suppose -3*r = 12, -2*a - 2*a - 5*r - 44 = s. Let b(l) = -l**3 - 3*l**2 + 10*l + 11. What is the tens digit of b(a)?
5
Let k(j) = j**3 + 16*j**2 + 10*j - 55. Let b be k(-15). Suppose -b*c = -16*c - 884. What is the tens digit of c?
2
Let l = 6 + -13. Let z be 3755/35 + -4 + 2/l. Suppose 2*y + z = 3*y. What is the tens digit of y?
0
Suppose 11*h = -35475 + 210881. What is the tens digit of h?
4
What is the units digit of 3311/(-301) - (0 + -999)?
8
Let m(i) = -12624*i**3 - i**2 - 31*i - 30. What is the tens digit of m(-1)?
2
Suppose 2*t = -3*r + 5722, -3*t + 3*r = -r - 8583. What is the units digit of t?
1
Let a(l) be the third derivative of l**4/24 - 2*l**3/3 - 33*l**2. Let b be a(-12). What is the tens digit of 1/4 + (-556)/b?
3
Let t(u) = 2. Let b(n) = -10*n - 11. Let i(j) = -b(j) - 5*t(j). Suppose 6 = k + 3. What is the tens digit of i(k)?
3
Let o be 6*(-8)/16 + 43. What is the units digit of 542 + -7 + o/8?
0
Suppose -3*i + 71 = 2*k, 3*k + i = -k + 167. Suppose -y + 103 = k. Suppose -5*s + 401 = 4*b, -2*s + y = b - 101. What is the tens digit of s?
8
Suppose 4*s - 3*v + 6*v - 19 = 0, 0 = -5*s + 5*v + 15. Suppose -s*n = -2964 + 88. What is the hundreds digit of n?
7
Suppose 2*v + 20 = -2*v, 3*g - 5*v = 34. Suppose -27 - 24 = -g*c. Let u = 34 + c. What is the units digit of u?
1
Let c(x) = 397*x**2 - 2*x - 69. What is the tens digit of c(6)?
1
Suppose 4*v - 3*d = 142, 0 = v + 2*d - 29 - 12. Suppose v*i - 35*i = 506. What is the tens digit of i?
5
Suppose -s - 7*s - 64 = 0. Let o = s - -16. What is the units digit of o?
8
Suppose 0 = -105*z + 117*z. Suppose -2*w + 798 = -2*p + 2514, -5*p - 2*w + 4262 = z. What is the units digit of p?
4
Let u(q) = 110*q**2 + 8*q + 7. Let j be u(4). Suppose -3*n = 4*n - j. What is the hundreds digit of n?
2
Let k = -14333 + 36535. What is the hundreds digit of k?
2
Suppose 13*z + h = 8*z + 47551, -z = -h - 9521. What is the units digit of z?
2
Let o(v) = -v**3 + v**2 + 8*v - 8. Suppose k = -16 + 55. Suppose h + 3 = l - 0*l, -5*h - 3*l = k. What is the tens digit of o(h)?
9
Suppose -j = -z, 2*j + 3*j = -4*z. Let d(k) = -k**2 - 9*k - 12. Let a be d(-6). What is the units digit of (j - 109)*(-6)/a?
9
Suppose -3*c + 5*k - 8 = 0, -3*c + 6*c - 2*k = 4. Suppose -1367 + 5627 = c*j. What is the tens digit of j?
6
Let r(a) = -2*a**3 - 17*a**2 + 18*a + 422. What is the tens digit of r(-25)?
9
What is the thousands digit of ((-3)/(-2))/((18/(-28))/((-1189968)/364))?
7
Let r be (-134)/(-16) + (-27)/72. Suppose r*v + 408 = 10*v. Let h = 47 + v. What is the hundreds digit of h?
2
Let a = 90 - 88. What is the tens digit of 332*((-6)/a - -5) - 1?
6
Suppose -3*c = 9, -77 = -5*m + 4*c + 265. What is the units digit of ((-70)/4)/((m/108)/(-11))?
5
Let f = -415 + 415. Suppose f = 22*i - 41*i + 21204. What is the units digit of i?
6
Let x(l) = -5*l**3 - 7*l**2 + 13*l + 4. Let u(m) = 6*m**3 + 8*m**2 - 12*m - 4. Let s(o) = -4*u(o) - 5*x(o). What is the tens digit of s(8)?
6
Suppose 0 = 2*h - 4 - 114. Let z = h - 53. What is the units digit of z/(-4) - ((-1686)/12 + -3)?
2
Suppose 16*v = 10*v - 18. Let w be (v*(-8)/12)/(2 - 0). What is the tens digit of 24/(-2 - 6) + 76/w?
7
Let i(m) = -4*m**2 + 2*m**2 + 471*m**3 + 2*m + 53*m**3 - 6 + 7. What is the hundreds digit of i(1)?
5
What is the thousands digit of 35/(595/42942)*10/2?
2
Suppose 2*i - 4*g - 2538 = 0, 2*i + 16*g - 11*g = 2538. What is the thousands digit of i?
1
Let p(i) = -25*i + 8*i - 20 + 51*i. What is the tens digit of p(16)?
2
Suppose 3*c - 15 = -5*u - 1, 0 = u - 1. Suppose 2*j = -2*k - c*k + 2377, 3*k = -15. What is the tens digit of j?
0
Let b(p) be the third derivative of 4*p**4/3 + 19*p**3/3 + 5*p**2. What is the hundreds digit of b(5)?
1
Let x(j) = 23*j - 13*j + 66*j**2 - 20*j + 26. What is the tens digit of x(4)?
4
Suppose 3*l - 5*y - 2984 = 0, 1988 = -0*l + 2*l - 2*y. Suppose 4*z + 4 = 0, -l = 2*d - 6*d - 3*z. What is the hundreds digit of d?
2
Let g(j) = 3*j**3 + 5*j**2 - 3*j + 3. Let p(l) = -13*l**3 - 21*l**2 + 13*l - 11. Let c(z) = -9*g(z) - 2*p(z). What is the tens digit of c(-7)?
8
Let o = -39 + 54. Let g be 6/15 + 54/o. Suppose g*l = 0, -5 + 69 = 2*i - l. What is the units digit of i?
2
Suppose 7*x + 470 - 141 = 0. Let l(g) = -16*g - 24. Let n be l(-5). Let c = n + x. What is the units digit of c?
9
Let j = 52746 - 23458. What is the thousands digit of j?
9
Let x(n) = 4*n - 30. Let w be x(9). Suppose 2*i - 238 = -3*s + w*i, -s - 3*i = -62. Suppose -a = -79 - s. What is the tens digit of a?
5
Let s = 362 - 549. Let z = 996 + s. What is the tens digit of z?
0
Suppose 5*h - 184062 = -3*b, 74*h = b + 75*h - 61356. What is the ten thousands digit of b?
6
Let b(q) be the second derivative of q**4/3 + 5*q**2/2 - 47*q. What is the hundreds digit of b(7)?
2
Suppose 21*q = -26*q + 164453. What is the hundreds digit of q?
4
Let q(j) = 86*j**2 - 156*j + 2101. What is the ten thousands digit of q(13)?
1
Let v = -39758 + 64814. What is the thousands digit of v?
5
What is the thousands digit of (-1 - 1492)/(5 + 1720/(-340))?
5
Let f = 115 + -104. Suppose 0 = -f*o + 27 + 94. Suppose 5*i + 1194 = o*i. What is the tens digit of i?
9
Suppose -588577 - 254043 - 135700 = -70*p. What is the ten thousands digit of p?
1
Let s(b) = 101*b**2 - 5*b + 435. What is the ten thousands digit of s(11)?
1
Let n be (